greatest common factor of r and 3?
3
Suppose 4*h = 89 - 9. What is the highest common factor of 30 and h?
10
Let i = -25 - -29. Let k = 65 + -37. What is the greatest common factor of k and i?
4
Suppose -88 - 136 = -7*n. Calculate the highest common factor of n and 160.
32
Let u = 3 - -2. Let w = u - 1. Let a = -2 + w. Calculate the highest common divisor of a and 6.
2
Let a(m) be the third derivative of m**5/15 - m**3/6 + 2*m**2. Let i be a(2). What is the greatest common divisor of i and 5?
5
Let k be 363/8 - (-57)/(-152). Let q = -35 + 51. Let t = 25 - q. What is the highest common divisor of t and k?
9
Let r be 40 - (3 + (0 - 1)). Let u(h) = h**2 + 7*h + 17. Let p be u(-13). What is the greatest common factor of r and p?
19
Let n = -22 + 46. What is the greatest common factor of 8 and n?
8
Suppose -a - 3*a + 720 = 0. Calculate the greatest common divisor of 20 and a.
20
Let z(s) = 2*s**3 - s**2 - 1. Let r be z(5). Calculate the greatest common factor of 32 and r.
32
Let b be 45/(-2)*(-1 + -1). Let u(a) = a**2 - 6. Let w be u(6). What is the greatest common divisor of b and w?
15
Suppose -4*r + 36 = 4*c, 1 = -r - 3*c + 14. Let w(a) = 9*a + 1. Let l be w(r). What is the highest common factor of 16 and l?
16
Suppose f + 0*f - 110 = 0. Calculate the highest common divisor of f and 44.
22
Let s(c) be the third derivative of c**6/120 + 7*c**5/60 - c**4/8 + c**3 + c**2. Let o be s(-7). Calculate the highest common divisor of 3 and o.
3
Suppose -6*l + 30 = -3*l. Calculate the highest common factor of 40 and l.
10
Let s(g) = -g + 5. Let o(w) = -5*w + 20. Suppose 4*a - 9 - 27 = 0. Let q(m) = a*s(m) - 2*o(m). Let y be q(0). Calculate the highest common divisor of y and 20.
5
Suppose -2*a + 3*a = -3. Let x = a - -6. Suppose x*k - 6 = k. Calculate the highest common factor of k and 21.
3
Suppose -u - 2 + 22 = 0. Suppose -u = 4*q + q, 54 = r - 3*q. What is the highest common factor of r and 14?
14
Let w = 4 - 5. Let s be w + 5*(2 - -1). Calculate the greatest common divisor of 56 and s.
14
Suppose -4 = f, 3*o - 3*f = -0*o + 27. Let b(l) = -5*l + 3*l**2 + 1 + 0 - 3. Let v be b(-3). What is the highest common divisor of v and o?
5
Let f(n) = 9*n**2 - 5*n - 6. Let p be f(-3). What is the highest common divisor of p and 120?
30
Suppose 18 = 2*n + 3*g, -n + 10 = 2*g + 3. Suppose 0 = 5*r - 2*r - 45. What is the highest common divisor of n and r?
15
Suppose -2*k + 7*k = 0. Suppose -y - 3*y + 80 = k. Suppose 4*x - 145 = -5*a, -74 - 31 = -4*x + 3*a. Calculate the greatest common factor of y and x.
10
Let w = -367 + 642. Let u = w - 158. Suppose 3*r = 4*r - 13. What is the highest common factor of r and u?
13
Let p be -25 - 1/((-4)/8). Let w = -13 - p. What is the highest common divisor of 5 and w?
5
Let o = -32 - -19. Let c be 3*1 + (-3 - o). What is the highest common factor of c and 26?
13
Let z(f) be the second derivative of f**4/12 - 4*f**3/3 - 2*f**2 + f. Let j be z(7). Let m be 10/(-15) - j/3. What is the greatest common factor of 24 and m?
3
Let o(w) = -6*w - 1. Suppose 1 = -2*t - 3. Let q be o(t). What is the highest common factor of q and 22?
11
Let u(y) = 4*y**2 + 6*y + 4. Let t be u(-3). Calculate the greatest common factor of t and 110.
22
Let k(x) = -x**2 - 16*x - 6. Let f be k(-14). What is the greatest common divisor of 154 and f?
22
Let s be (-1)/(3 + (-30)/9). Let z be 195/10*(-2)/3. Let n(y) = -y**3 - 14*y**2 - 16*y - 6. Let j be n(z). What is the greatest common divisor of s and j?
3
Suppose 0 = -3*y - 5*d + 16, 0 = 3*y + 4*d - 7*d. Suppose -4*f + 5*b = -8*f + 71, 43 = y*f + 5*b. What is the greatest common factor of f and 112?
14
Let r be (0 + 1)*30/6. Let f be (-1 + 0)*(-1 + -1). Calculate the greatest common divisor of f and r.
1
Let z = 14 - 5. Suppose -3*n = 4*u + 38 + 8, 2*n - 3*u = -25. Let d = n + 77. What is the greatest common divisor of z and d?
9
Let o = -24 + 37. Calculate the highest common factor of 26 and o.
13
Suppose 38*a = 43*a - 85. Calculate the highest common divisor of 34 and a.
17
Let p = -1 + 7. Suppose p*w = w + 70. Let f(k) = 3*k**2 + k. Let y be f(2). What is the greatest common factor of w and y?
14
Let w(m) = -4*m + 2. Let p be w(2). Let z be (-3 - 15/p)*0. Suppose l - 5*h - 39 = -z*l, h = -3. What is the greatest common divisor of 60 and l?
12
Let d(x) = 116*x**2 - 3*x + 2. Let o be d(1). Calculate the greatest common factor of o and 46.
23
Suppose -4*l - 2*j + 1090 = 0, 2*l - l - 250 = 4*j. What is the greatest common factor of 108 and l?
54
Let i(r) = r**2 - r - 1. Let m be i(3). Let o(z) = -z + 44. Let s be o(0). Let c = s + 11. What is the highest common factor of c and m?
5
Suppose 2*g - 6 = 2*o, -2*g - 5*o = g + 7. Let x(r) = 7*r - 1. Let c be x(g). Let j be 0 + 9*4/6. Calculate the greatest common divisor of c and j.
6
Suppose 3*h - 3*v - 9 = h, -3*h - 5*v + 4 = 0. Suppose -j = -2 - h. What is the greatest common factor of 40 and j?
5
Let u be 12/10*(-70)/(-3). Let q be u/7 + (-1 - 0). Suppose 0 = 4*f + 2*r - 14, q*f - 8 - 4 = -3*r. Calculate the greatest common divisor of 27 and f.
3
Suppose -d + 17 = 2*h + 7, 3*d + 4*h - 36 = 0. Suppose 3*m = 4*q + d, -4*m + 4*q = q - 33. What is the highest common divisor of 132 and m?
12
Let m be (8/(-12))/(4/(-6)). Let o(n) = 4*n**2 - 4*n + 3. Let t be o(2). Let v = 18 - t. Calculate the highest common divisor of m and v.
1
Suppose -4*c + 109 = 2*t - 3*t, 0 = -4*c + 4*t + 112. Calculate the greatest common divisor of 18 and c.
9
Suppose -4*m + 10 = -2*m. Suppose 3*z + 0*x + 3*x = 21, m*x = 3*z + 19. Calculate the highest common divisor of 1 and z.
1
Let c be (-12)/(-84)*338 + 2/(-7). Let n be 3/(((-2)/(-16))/1). What is the highest common factor of c and n?
24
Let o(g) = -g**3 - 21*g**2 - 3*g + 36. Let b be o(-21). Calculate the highest common divisor of b and 9.
9
Let l be (3 + (-48)/9)/(-1)*12. What is the highest common factor of l and 28?
28
Suppose 0 = 16*a - 6*a - 200. Calculate the greatest common divisor of 5 and a.
5
Suppose 5*c - 1177 = -282. Suppose -c + 437 = 3*v. Suppose -v = -4*d + 166. Calculate the greatest common divisor of d and 7.
7
Let x(r) = r**2 + 7*r + 42. Let g be x(-10). What is the greatest common factor of g and 48?
24
Let c(u) = -u**2 + 9*u + 9. Let g be c(9). Calculate the highest common divisor of g and 27.
9
Let w be (-26)/(-13) - (-1)/(-1) - -6. Calculate the greatest common divisor of w and 14.
7
Suppose -3*b + k + 100 = 0, -4*k + 3 - 19 = 0. Suppose b = 5*w - w. What is the highest common divisor of 32 and w?
8
Let w(v) be the third derivative of v**4/12 + v**3 - v**2. Let l be w(-4). Let g be -12*(1 + l) + 2. Calculate the greatest common divisor of g and 35.
7
Suppose -417 - 213 = -3*j. What is the highest common divisor of 30 and j?
30
Let a = 197 + -137. What is the greatest common divisor of a and 15?
15
Suppose -35 = -4*y - 11. Let v be 0 - 1 - 3/(-3). Suppose v = -4*s + 4*x - 9*x + 17, -3*s - x + 10 = 0. What is the greatest common factor of s and y?
3
Suppose -12*d + 5*d + 21 = 0. Calculate the highest common divisor of d and 6.
3
Let x = 141 + -68. Let n = -38 + x. Suppose 2*h + 2*h - 50 = -3*s, 3*s - h - 40 = 0. What is the greatest common divisor of s and n?
7
Suppose -253 = -3*j + 62. Let v(k) = 5*k**2 - 7*k + 3. Let h be v(6). Suppose h = 5*z + 36. What is the highest common divisor of z and j?
21
Let r = 3 + -1. Let m(b) = 11*b**2 + 2*b - 2. Let p be m(r). Let x = p - 33. What is the highest common divisor of 52 and x?
13
Let p(t) = 6*t. Let r be p(5). Let f = 116 - 71. What is the highest common factor of r and f?
15
Suppose d - 2*g = 3*d - 6, -d - 5*g = -3. Suppose -48 = -d*s - s. What is the greatest common factor of 3 and s?
3
Let s(q) = 2*q + 17. Let c be s(-4). What is the greatest common divisor of c and 9?
9
Let g(o) = -2*o**3 - 2*o**2 + 2*o + 2. Let d be g(-2). Suppose -s + 2*b = -d, -3*b - 1 = -10. Calculate the highest common factor of s and 12.
12
Let x be 3/(9/51)*1. Let d = 35 + -18. Calculate the greatest common divisor of x and d.
17
Suppose 2*j = -5*d - 11 - 10, 4*d + 26 = 3*j. Let n = 4 - j. Suppose 2 = 4*s - n. What is the greatest common divisor of s and 11?
1
Let w = -61 - -70. Calculate the highest common factor of 135 and w.
9
Let m = 0 + 4. Suppose -m*o - 4*f + 127 = -o, -51 = -o + 3*f. Let s